{"id":163,"date":"2018-04-25T09:16:16","date_gmt":"2018-04-25T09:16:16","guid":{"rendered":"http:\/\/demo.themefreesia.com\/photograph\/?page_id=8"},"modified":"2020-04-27T19:19:24","modified_gmt":"2020-04-27T17:19:24","slug":"about-us","status":"publish","type":"page","link":"https:\/\/flisinski.pl\/?page_id=163","title":{"rendered":"Krzysztof Flisi\u0144ski &#8211; Fotografia \u015alubna"},"content":{"rendered":"<p>Nasze \u017cycie sk\u0142ada si\u0119 z wyj\u0105tkowych chwil, kt\u00f3re chcemy zapami\u0119ta\u0107 na zawsze i za ka\u017cdym razem do nich wr\u00f3ci\u0107. Staram si\u0119 uchwyci\u0107 te momenty pe\u0142ne emocji, malowane gr\u0105 \u015bwiat\u0142a i kolor\u00f3w, tworz\u0105c obraz z wyj\u0105tkow\u0105 histori\u0105. Fotografia sta\u0142a si\u0119 dla manie nie tylko pasj\u0105, ale i sposobem na \u017cycie,a dzi\u0119ki zdj\u0119ciom mog\u0119 si\u0119 ni\u0105 dzieli\u0107.<\/p>\n<p>Zapraszam do obejrzenia galerii. Pozdrawiam<\/p>\n<h2><\/h2>\n","protected":false},"excerpt":{"rendered":"<p>Nasze \u017cycie sk\u0142ada si\u0119 z wyj\u0105tkowych chwil, kt\u00f3re chcemy zapami\u0119ta\u0107 na zawsze i za ka\u017cdym razem do nich wr\u00f3ci\u0107. Staram si\u0119 uchwyci\u0107 te momenty pe\u0142ne&hellip; <\/p>\n","protected":false},"author":1,"featured_media":353,"parent":0,"menu_order":0,"comment_status":"closed","ping_status":"closed","template":"page-templates\/aboutus-template.php","meta":[],"yoast_head":"<!-- This site is optimized with the Yoast SEO plugin v20.3 - https:\/\/yoast.com\/wordpress\/plugins\/seo\/ -->\n<title>Krzysztof Flisi\u0144ski - Fotografia \u015alubna - Krzysztof Flisi\u0144ski<\/title>\n<meta name=\"robots\" content=\"index, follow, max-snippet:-1, max-image-preview:large, max-video-preview:-1\" \/>\n<link rel=\"canonical\" href=\"https:\/\/flisinski.pl\/?page_id=163\" \/>\n<meta property=\"og:locale\" content=\"pl_PL\" \/>\n<meta property=\"og:type\" content=\"article\" \/>\n<meta property=\"og:title\" content=\"Krzysztof Flisi\u0144ski - Fotografia \u015alubna - Krzysztof Flisi\u0144ski\" \/>\n<meta property=\"og:description\" content=\"Nasze \u017cycie sk\u0142ada si\u0119 z wyj\u0105tkowych chwil, kt\u00f3re chcemy zapami\u0119ta\u0107 na zawsze i za ka\u017cdym razem do nich wr\u00f3ci\u0107. Staram si\u0119 uchwyci\u0107 te momenty pe\u0142ne&hellip;\" \/>\n<meta property=\"og:url\" content=\"https:\/\/flisinski.pl\/?page_id=163\" \/>\n<meta property=\"og:site_name\" content=\"Krzysztof Flisi\u0144ski\" \/>\n<meta property=\"article:publisher\" content=\"https:\/\/www.facebook.com\/flisinskifoto\" \/>\n<meta property=\"article:modified_time\" content=\"2020-04-27T17:19:24+00:00\" \/>\n<meta property=\"og:image\" content=\"https:\/\/flisinski.pl\/wp-content\/uploads\/2018\/07\/o-mnie-1.jpg\" \/>\n\t<meta property=\"og:image:width\" content=\"1920\" \/>\n\t<meta property=\"og:image:height\" content=\"1024\" \/>\n\t<meta property=\"og:image:type\" content=\"image\/jpeg\" \/>\n<meta name=\"twitter:card\" content=\"summary_large_image\" \/>\n<script type=\"application\/ld+json\" class=\"yoast-schema-graph\">{\"@context\":\"https:\/\/schema.org\",\"@graph\":[{\"@type\":\"WebPage\",\"@id\":\"https:\/\/flisinski.pl\/?page_id=163\",\"url\":\"https:\/\/flisinski.pl\/?page_id=163\",\"name\":\"Krzysztof Flisi\u0144ski - Fotografia \u015alubna - Krzysztof Flisi\u0144ski\",\"isPartOf\":{\"@id\":\"https:\/\/flisinski.pl\/#website\"},\"datePublished\":\"2018-04-25T09:16:16+00:00\",\"dateModified\":\"2020-04-27T17:19:24+00:00\",\"breadcrumb\":{\"@id\":\"https:\/\/flisinski.pl\/?page_id=163#breadcrumb\"},\"inLanguage\":\"pl-PL\",\"potentialAction\":[{\"@type\":\"ReadAction\",\"target\":[\"https:\/\/flisinski.pl\/?page_id=163\"]}]},{\"@type\":\"BreadcrumbList\",\"@id\":\"https:\/\/flisinski.pl\/?page_id=163#breadcrumb\",\"itemListElement\":[{\"@type\":\"ListItem\",\"position\":1,\"name\":\"Home\",\"item\":\"https:\/\/flisinski.pl\/\"},{\"@type\":\"ListItem\",\"position\":2,\"name\":\"Krzysztof Flisi\u0144ski &#8211; Fotografia \u015alubna\"}]},{\"@type\":\"WebSite\",\"@id\":\"https:\/\/flisinski.pl\/#website\",\"url\":\"https:\/\/flisinski.pl\/\",\"name\":\"Krzysztof Flisi\u0144ski\",\"description\":\"Krzysztof Flisi\u0144ski - Fotografia \u015alubna\",\"publisher\":{\"@id\":\"https:\/\/flisinski.pl\/#organization\"},\"potentialAction\":[{\"@type\":\"SearchAction\",\"target\":{\"@type\":\"EntryPoint\",\"urlTemplate\":\"https:\/\/flisinski.pl\/?s={search_term_string}\"},\"query-input\":\"required name=search_term_string\"}],\"inLanguage\":\"pl-PL\"},{\"@type\":\"Organization\",\"@id\":\"https:\/\/flisinski.pl\/#organization\",\"name\":\"Krzysztof Flisi\u0144ski\",\"url\":\"https:\/\/flisinski.pl\/\",\"logo\":{\"@type\":\"ImageObject\",\"inLanguage\":\"pl-PL\",\"@id\":\"https:\/\/flisinski.pl\/#\/schema\/logo\/image\/\",\"url\":\"https:\/\/flisinski.pl\/wp-content\/uploads\/2018\/07\/logo2-1.png\",\"contentUrl\":\"https:\/\/flisinski.pl\/wp-content\/uploads\/2018\/07\/logo2-1.png\",\"width\":1219,\"height\":300,\"caption\":\"Krzysztof Flisi\u0144ski\"},\"image\":{\"@id\":\"https:\/\/flisinski.pl\/#\/schema\/logo\/image\/\"},\"sameAs\":[\"https:\/\/www.facebook.com\/flisinskifoto\",\"https:\/\/www.instagram.com\/krzysztof_flisinski\/\"]}]}<\/script>\n<!-- \/ Yoast SEO plugin. -->","yoast_head_json":{"title":"Krzysztof Flisi\u0144ski - Fotografia \u015alubna - Krzysztof Flisi\u0144ski","robots":{"index":"index","follow":"follow","max-snippet":"max-snippet:-1","max-image-preview":"max-image-preview:large","max-video-preview":"max-video-preview:-1"},"canonical":"https:\/\/flisinski.pl\/?page_id=163","og_locale":"pl_PL","og_type":"article","og_title":"Krzysztof Flisi\u0144ski - Fotografia \u015alubna - Krzysztof Flisi\u0144ski","og_description":"Nasze \u017cycie sk\u0142ada si\u0119 z wyj\u0105tkowych chwil, kt\u00f3re chcemy zapami\u0119ta\u0107 na zawsze i za ka\u017cdym razem do nich wr\u00f3ci\u0107. Staram si\u0119 uchwyci\u0107 te momenty pe\u0142ne&hellip;","og_url":"https:\/\/flisinski.pl\/?page_id=163","og_site_name":"Krzysztof Flisi\u0144ski","article_publisher":"https:\/\/www.facebook.com\/flisinskifoto","article_modified_time":"2020-04-27T17:19:24+00:00","og_image":[{"width":1920,"height":1024,"url":"https:\/\/flisinski.pl\/wp-content\/uploads\/2018\/07\/o-mnie-1.jpg","type":"image\/jpeg"}],"twitter_card":"summary_large_image","schema":{"@context":"https:\/\/schema.org","@graph":[{"@type":"WebPage","@id":"https:\/\/flisinski.pl\/?page_id=163","url":"https:\/\/flisinski.pl\/?page_id=163","name":"Krzysztof Flisi\u0144ski - Fotografia \u015alubna - Krzysztof Flisi\u0144ski","isPartOf":{"@id":"https:\/\/flisinski.pl\/#website"},"datePublished":"2018-04-25T09:16:16+00:00","dateModified":"2020-04-27T17:19:24+00:00","breadcrumb":{"@id":"https:\/\/flisinski.pl\/?page_id=163#breadcrumb"},"inLanguage":"pl-PL","potentialAction":[{"@type":"ReadAction","target":["https:\/\/flisinski.pl\/?page_id=163"]}]},{"@type":"BreadcrumbList","@id":"https:\/\/flisinski.pl\/?page_id=163#breadcrumb","itemListElement":[{"@type":"ListItem","position":1,"name":"Home","item":"https:\/\/flisinski.pl\/"},{"@type":"ListItem","position":2,"name":"Krzysztof Flisi\u0144ski &#8211; Fotografia \u015alubna"}]},{"@type":"WebSite","@id":"https:\/\/flisinski.pl\/#website","url":"https:\/\/flisinski.pl\/","name":"Krzysztof Flisi\u0144ski","description":"Krzysztof Flisi\u0144ski - Fotografia \u015alubna","publisher":{"@id":"https:\/\/flisinski.pl\/#organization"},"potentialAction":[{"@type":"SearchAction","target":{"@type":"EntryPoint","urlTemplate":"https:\/\/flisinski.pl\/?s={search_term_string}"},"query-input":"required name=search_term_string"}],"inLanguage":"pl-PL"},{"@type":"Organization","@id":"https:\/\/flisinski.pl\/#organization","name":"Krzysztof Flisi\u0144ski","url":"https:\/\/flisinski.pl\/","logo":{"@type":"ImageObject","inLanguage":"pl-PL","@id":"https:\/\/flisinski.pl\/#\/schema\/logo\/image\/","url":"https:\/\/flisinski.pl\/wp-content\/uploads\/2018\/07\/logo2-1.png","contentUrl":"https:\/\/flisinski.pl\/wp-content\/uploads\/2018\/07\/logo2-1.png","width":1219,"height":300,"caption":"Krzysztof Flisi\u0144ski"},"image":{"@id":"https:\/\/flisinski.pl\/#\/schema\/logo\/image\/"},"sameAs":["https:\/\/www.facebook.com\/flisinskifoto","https:\/\/www.instagram.com\/krzysztof_flisinski\/"]}]}},"jetpack_sharing_enabled":true,"jetpack_shortlink":"https:\/\/wp.me\/PcPZLm-2D","_links":{"self":[{"href":"https:\/\/flisinski.pl\/index.php?rest_route=\/wp\/v2\/pages\/163"}],"collection":[{"href":"https:\/\/flisinski.pl\/index.php?rest_route=\/wp\/v2\/pages"}],"about":[{"href":"https:\/\/flisinski.pl\/index.php?rest_route=\/wp\/v2\/types\/page"}],"author":[{"embeddable":true,"href":"https:\/\/flisinski.pl\/index.php?rest_route=\/wp\/v2\/users\/1"}],"replies":[{"embeddable":true,"href":"https:\/\/flisinski.pl\/index.php?rest_route=%2Fwp%2Fv2%2Fcomments&post=163"}],"version-history":[{"count":28,"href":"https:\/\/flisinski.pl\/index.php?rest_route=\/wp\/v2\/pages\/163\/revisions"}],"predecessor-version":[{"id":2154,"href":"https:\/\/flisinski.pl\/index.php?rest_route=\/wp\/v2\/pages\/163\/revisions\/2154"}],"wp:featuredmedia":[{"embeddable":true,"href":"https:\/\/flisinski.pl\/index.php?rest_route=\/wp\/v2\/media\/353"}],"wp:attachment":[{"href":"https:\/\/flisinski.pl\/index.php?rest_route=%2Fwp%2Fv2%2Fmedia&parent=163"}],"curies":[{"name":"wp","href":"https:\/\/api.w.org\/{rel}","templated":true}]}}

Krzysztof Flisiński &#8211; Fotografia Ślubna

<p>Nasze życie składa się z wyjątkowych chwil, które chcemy zapamiętać na zawsze i za każdym razem do nich wrócić. Staram się uchwycić te momenty pełne emocji, malowane grą światła i kolorów, tworząc obraz z wyjątkową historią. Fotografia stała się dla manie nie tylko pasją, ale i sposobem na życie,a dzięki zdjęciom mogę się nią dzielić.</p>
<p>Zapraszam do obejrzenia galerii. Pozdrawiam</p>
<h2></h2>

<p>Nasze życie składa się z wyjątkowych chwil, które chcemy zapamiętać na zawsze i za każdym razem do nich wrócić. Staram się uchwycić te momenty pełne&hellip; </p>

<!-- This site is optimized with the Yoast SEO plugin v20.3 - https://yoast.com/wordpress/plugins/seo/ -->
<title>Krzysztof Flisiński - Fotografia Ślubna - Krzysztof Flisiński</title>
<meta name="robots" content="index, follow, max-snippet:-1, max-image-preview:large, max-video-preview:-1" />
<link rel="canonical" href="https://flisinski.pl/?page_id=163" />
<meta property="og:locale" content="pl_PL" />
<meta property="og:type" content="article" />
<meta property="og:title" content="Krzysztof Flisiński - Fotografia Ślubna - Krzysztof Flisiński" />
<meta property="og:description" content="Nasze życie składa się z wyjątkowych chwil, które chcemy zapamiętać na zawsze i za każdym razem do nich wrócić. Staram się uchwycić te momenty pełne&hellip;" />
<meta property="og:url" content="https://flisinski.pl/?page_id=163" />
<meta property="og:site_name" content="Krzysztof Flisiński" />
<meta property="article:publisher" content="https://www.facebook.com/flisinskifoto" />
<meta property="article:modified_time" content="2020-04-27T17:19:24+00:00" />
<meta property="og:image" content="https://flisinski.pl/wp-content/uploads/2018/07/o-mnie-1.jpg" />
	<meta property="og:image:width" content="1920" />
	<meta property="og:image:height" content="1024" />
	<meta property="og:image:type" content="image/jpeg" />
<meta name="twitter:card" content="summary_large_image" />
<script type="application/ld+json" class="yoast-schema-graph">{"@context":"https://schema.org","@graph":[{"@type":"WebPage","@id":"https://flisinski.pl/?page_id=163","url":"https://flisinski.pl/?page_id=163","name":"Krzysztof Flisiński - Fotografia Ślubna - Krzysztof Flisiński","isPartOf":{"@id":"https://flisinski.pl/#website"},"datePublished":"2018-04-25T09:16:16+00:00","dateModified":"2020-04-27T17:19:24+00:00","breadcrumb":{"@id":"https://flisinski.pl/?page_id=163#breadcrumb"},"inLanguage":"pl-PL","potentialAction":[{"@type":"ReadAction","target":["https://flisinski.pl/?page_id=163"]}]},{"@type":"BreadcrumbList","@id":"https://flisinski.pl/?page_id=163#breadcrumb","itemListElement":[{"@type":"ListItem","position":1,"name":"Home","item":"https://flisinski.pl/"},{"@type":"ListItem","position":2,"name":"Krzysztof Flisiński &#8211; Fotografia Ślubna"}]},{"@type":"WebSite","@id":"https://flisinski.pl/#website","url":"https://flisinski.pl/","name":"Krzysztof Flisiński","description":"Krzysztof Flisiński - Fotografia Ślubna","publisher":{"@id":"https://flisinski.pl/#organization"},"potentialAction":[{"@type":"SearchAction","target":{"@type":"EntryPoint","urlTemplate":"https://flisinski.pl/?s={search_term_string}"},"query-input":"required name=search_term_string"}],"inLanguage":"pl-PL"},{"@type":"Organization","@id":"https://flisinski.pl/#organization","name":"Krzysztof Flisiński","url":"https://flisinski.pl/","logo":{"@type":"ImageObject","inLanguage":"pl-PL","@id":"https://flisinski.pl/#/schema/logo/image/","url":"https://flisinski.pl/wp-content/uploads/2018/07/logo2-1.png","contentUrl":"https://flisinski.pl/wp-content/uploads/2018/07/logo2-1.png","width":1219,"height":300,"caption":"Krzysztof Flisiński"},"image":{"@id":"https://flisinski.pl/#/schema/logo/image/"},"sameAs":["https://www.facebook.com/flisinskifoto","https://www.instagram.com/krzysztof_flisinski/"]}]}</script>
<!-- / Yoast SEO plugin. -->

Krzysztof Flisiński - Fotografia Ślubna - Krzysztof Flisiński

Nasze życie składa się z wyjątkowych chwil, które chcemy zapamiętać na zawsze i za każdym razem do nich wrócić. Staram się uchwycić te momenty pełne&hellip;

Krzysztof Flisiński

Krzysztof Flisiński - Fotografia Ślubna
